visor of 57449 and 146594?
1981
Calculate the greatest common factor of 195 and 2184.
39
Calculate the highest common divisor of 39867 and 69459.
411
Calculate the greatest common factor of 416 and 1311456.
32
What is the greatest common factor of 57371 and 3193?
103
Calculate the highest common divisor of 789 and 151751.
263
What is the greatest common divisor of 1134 and 276372?
162
What is the greatest common divisor of 56 and 86758?
14
What is the greatest common factor of 19 and 416480?
19
What is the highest common divisor of 912 and 40888?
152
Calculate the highest common divisor of 61 and 24705.
61
Calculate the greatest common divisor of 28510 and 10.
10
What is the greatest common divisor of 313100 and 930?
310
Calculate the highest common divisor of 918 and 279922.
34
What is the highest common factor of 230 and 16130?
10
What is the greatest common divisor of 23688 and 11515?
329
Calculate the highest common divisor of 71 and 104867.
71
Calculate the highest common factor of 6766554 and 138.
138
Calculate the greatest common divisor of 262812 and 5566.
242
Calculate the greatest common factor of 38 and 51053.
19
Calculate the highest common factor of 6 and 46086.
6
What is the highest common factor of 3978 and 816?
102
Calculate the highest common divisor of 12177 and 3690.
369
Calculate the greatest common factor of 105 and 280.
35
What is the highest common divisor of 1350 and 17150?
50
Calculate the highest common factor of 54 and 8712.
18
What is the greatest common factor of 503294 and 33?
11
What is the highest common divisor of 55305 and 915?
15
Calculate the greatest common divisor of 32 and 444256.
32
What is the greatest common factor of 239 and 14429147?
239
What is the greatest common factor of 15895 and 151147?
289
Calculate the highest common divisor of 1086084 and 24.
12
What is the greatest common factor of 96 and 65280?
96
What is the greatest common factor of 705 and 121683?
141
Calculate the greatest common factor of 645 and 8815.
215
Calculate the highest common factor of 2527 and 28519.
361
Calculate the greatest common divisor of 44 and 185240.
44
Calculate the highest common factor of 28 and 3452.
4
Calculate the greatest common divisor of 70751 and 1251.
139
What is the highest common divisor of 536 and 392?
8
What is the greatest common divisor of 450 and 50994?
18
What is the greatest common factor of 426949 and 4807?
437
What is the highest common divisor of 20199 and 42?
3
Calculate the greatest common divisor of 5274 and 135.
9
Calculate the greatest common divisor of 37 and 623.
1
What is the greatest common divisor of 242879 and 29673?
1099
Calculate the highest common divisor of 3000 and 576.
24
Calculate the greatest common divisor of 126 and 438.
6
What is the highest common divisor of 561 and 8721?
51
Calculate the highest common factor of 50124 and 1956.
12
What is the greatest common factor of 50 and 245725?
25
What is the greatest common divisor of 8484 and 33532?
404
What is the greatest common factor of 22 and 2210?
2
Calculate the highest common factor of 1380 and 2190.
30
What is the highest common factor of 585850 and 1350?
50
What is the greatest common factor of 97454 and 238?
14
Calculate the greatest common divisor of 243 and 37368.
27
What is the greatest common factor of 236 and 4804?
4
Calculate the highest common factor of 15 and 221160.
15
What is the highest common factor of 108 and 702459?
27
What is the greatest common factor of 78840 and 5328?
72
What is the highest common factor of 10 and 252290?
10
Calculate the greatest common divisor of 2611 and 634846.
373
What is the highest common divisor of 1448 and 328877?
181
Calculate the highest common divisor of 1794 and 7314.
138
Calculate the greatest common divisor of 2048 and 1519360.
256
What is the highest common factor of 128 and 398336?
128
What is the highest common factor of 45573 and 307963?
1381
Calculate the highest common divisor of 19761 and 28.
7
Calculate the greatest common factor of 464674 and 28.
14
What is the highest common divisor of 1 and 45191?
1
What is the highest common factor of 14 and 11767?
7
Calculate the highest common divisor of 171585 and 82.
41
Calculate the highest common factor of 53946 and 1258.
74
Calculate the highest common divisor of 363629 and 574.
287
Calculate the highest common divisor of 884 and 183770.
34
Calculate the greatest common factor of 195 and 552435.
195
What is the greatest common divisor of 28908 and 81?
9
What is the highest common divisor of 33168 and 544?
16
Calculate the greatest common divisor of 1651 and 10142093.
1651
What is the greatest common divisor of 138014 and 604?
302
Calculate the highest common divisor of 584 and 2106488.
584
Calculate the highest common factor of 455 and 611.
13
Calculate the highest common divisor of 26750 and 1000.
250
Calculate the greatest common factor of 531180 and 702.
234
Calculate the greatest common divisor of 418 and 41591.
209
What is the highest common divisor of 162820 and 1120?
140
What is the greatest common factor of 26 and 16757?
13
Calculate the greatest common factor of 281696 and 224.
32
What is the highest common factor of 106493 and 545?
109
What is the highest common divisor of 99132 and 528?
132
Calculate the highest common divisor of 79253 and 287.
41
Calculate the greatest common factor of 716 and 3193181.
179
Calculate the greatest common divisor of 371 and 95294.
53
Calculate the highest common divisor of 32 and 26336.
32
Calculate the highest common divisor of 5194600 and 13300.
1900
What is the highest common factor of 130 and 31655?
65
Calculate the greatest common factor of 84 and 380028.
12
Calculate the highest common factor of 93966 and 210.
6
What is the greatest common divisor of 784131 and 1653?
87
What is the highest common factor of 25840 and 2204?
76
Calculate the highest common factor of 88 and 1154.
2
Calculate the greatest common factor of 145310 and 110.
110
What is the highest common divisor of 1894 and 4?
2
What is the greatest common divisor of 750 and 894?
6
What is the greatest common factor of 1612200 and 960?
120
What is the highest common factor of 20557 and 1685?
337
Calculate the highest common factor of 117800 and 31.
31
What is the greatest common factor of 351 and 112059?
9
What is the highest common factor of 455 and 7462?
91
Calculate the highest common divisor of 861 and 7539.
21
What is the highest common divisor of 380448 and 16?
16
Calculate the greatest common factor of 585404 and 124.
124
Calculate the greatest common factor of 289429 and 239.
239
What is the highest common divisor of 43000 and 304000?
1000
What is the highest common factor of 42449 and 59279?
187
What is the greatest common divisor of 75 and 224850?
75
Calculate the greatest common divisor of 600 and 14040.
120
What is the greatest common factor of 1365 and 209755?
455
What is the highest common divisor of 3192 and 272517?
399
What is the greatest common factor of 492 and 46986?
246
What is the greatest common factor of 851757 and 485?
97
Calculate the highest common factor of 4284151 and 73.
73
Calculate the greatest common factor of 208 and 194506.
26
What is the greatest common divisor of 1373320 and 65?
65
Calculate the highest common divisor of 144 and 40960.
16
Calculate the greatest common divisor of 1372 and 3052.
28
What is the greatest common factor of 6396 and 12870?
78
What is the highest common factor of 14719 and 441929?
359
Calculate the greatest common factor of 171 and 164559.
57
Calculate the highest common factor of 172 and 176257.
43
Calculate the greatest common divisor of 529 and 321103.
529
What is the highest common factor of 61 and 122183?
61
What is the highest common divisor of 429 and 8340189?
429
What is the highest common factor of 893343 and 1452?
363
Calculate the greatest common factor of 78 and 31642.
26
What is the greatest common divisor of 5168 and 6384?
304
What is the greatest common factor of 9440 and 1970?
10
Calculate the greatest common divisor of 62209 and 14.
7
What is the highest common factor of 48 and 226128?
48
Calculate the highest common factor of 11046 and 756.
42
Calculate the greatest common factor of 14040 and 1430.
130
Calculate the greatest c